{"id":84,"date":"2021-05-27T10:31:57","date_gmt":"2021-05-27T08:31:57","guid":{"rendered":"http:\/\/combava.ch\/?page_id=84"},"modified":"2025-01-06T23:56:35","modified_gmt":"2025-01-06T22:56:35","slug":"home-2","status":"publish","type":"page","link":"https:\/\/combava.ch\/","title":{"rendered":""},"content":{"rendered":"\n<div class=\"wp-block-group\"><div class=\"wp-block-group__inner-container\">\n<h2 id=\"block-6d461264-15f0-452d-a7c3-a165f1e6541e\">News!<\/h2>\n\n\n\n<p>Happy New Year!<\/p>\n\n\n\n<p>Wir m\u00f6chten sie darauf Aufmerksam machen, dass wir ab dem neuen Jahr 2025 neue \u00d6ffnungszeiten haben und freuen uns Sie bald wieder bei uns begr\u00fcssen zu d\u00fcrfen!<\/p>\n<\/div><\/div>\n\n\n\n<h2>Gallerie<\/h2>\n\n\n\n<p><br>Hier finden Sie kleine Eindr\u00fccke unseres Bistros. <br>Kommen Sie vorbei und \u00dcberzeugen Sie sich selbst!&nbsp;<\/p>\n\n\n\n<figure class=\"wp-block-gallery aligncenter columns-3 is-cropped\"><ul class=\"blocks-gallery-grid\"><li class=\"blocks-gallery-item\"><figure><img loading=\"lazy\" width=\"1024\" height=\"768\" src=\"http:\/\/combava.ch\/wp-content\/uploads\/2021\/05\/IMG-20210527-WA0008.jpg\" alt=\"\" data-id=\"145\" data-full-url=\"http:\/\/combava.ch\/wp-content\/uploads\/2021\/05\/IMG-20210527-WA0008.jpg\" data-link=\"http:\/\/combava.ch\/?attachment_id=145\" class=\"wp-image-145\" srcset=\"https:\/\/combava.ch\/wp-content\/uploads\/2021\/05\/IMG-20210527-WA0008.jpg 1024w, https:\/\/combava.ch\/wp-content\/uploads\/2021\/05\/IMG-20210527-WA0008-300x225.jpg 300w, https:\/\/combava.ch\/wp-content\/uploads\/2021\/05\/IMG-20210527-WA0008-768x576.jpg 768w\" sizes=\"(max-width: 1024px) 100vw, 1024px\" \/><\/figure><\/li><li class=\"blocks-gallery-item\"><figure><img loading=\"lazy\" width=\"1024\" height=\"768\" src=\"http:\/\/combava.ch\/wp-content\/uploads\/2021\/05\/20210525_202427-1024x768.jpg\" alt=\"\" data-id=\"136\" data-full-url=\"http:\/\/combava.ch\/wp-content\/uploads\/2021\/05\/20210525_202427-scaled.jpg\" data-link=\"http:\/\/combava.ch\/?attachment_id=136\" class=\"wp-image-136\" srcset=\"https:\/\/combava.ch\/wp-content\/uploads\/2021\/05\/20210525_202427-1024x768.jpg 1024w, https:\/\/combava.ch\/wp-content\/uploads\/2021\/05\/20210525_202427-300x225.jpg 300w, https:\/\/combava.ch\/wp-content\/uploads\/2021\/05\/20210525_202427-768x576.jpg 768w, https:\/\/combava.ch\/wp-content\/uploads\/2021\/05\/20210525_202427-1536x1152.jpg 1536w, https:\/\/combava.ch\/wp-content\/uploads\/2021\/05\/20210525_202427-2048x1536.jpg 2048w\" sizes=\"(max-width: 1024px) 100vw, 1024px\" \/><\/figure><\/li><li class=\"blocks-gallery-item\"><figure><img loading=\"lazy\" width=\"1024\" height=\"768\" src=\"http:\/\/combava.ch\/wp-content\/uploads\/2021\/05\/IMG-20210527-WA0005.jpg\" alt=\"\" data-id=\"143\" data-full-url=\"http:\/\/combava.ch\/wp-content\/uploads\/2021\/05\/IMG-20210527-WA0005.jpg\" data-link=\"http:\/\/combava.ch\/?attachment_id=143\" class=\"wp-image-143\" srcset=\"https:\/\/combava.ch\/wp-content\/uploads\/2021\/05\/IMG-20210527-WA0005.jpg 1024w, https:\/\/combava.ch\/wp-content\/uploads\/2021\/05\/IMG-20210527-WA0005-300x225.jpg 300w, https:\/\/combava.ch\/wp-content\/uploads\/2021\/05\/IMG-20210527-WA0005-768x576.jpg 768w\" sizes=\"(max-width: 1024px) 100vw, 1024px\" \/><\/figure><\/li><li class=\"blocks-gallery-item\"><figure><img loading=\"lazy\" width=\"1024\" height=\"768\" src=\"http:\/\/combava.ch\/wp-content\/uploads\/2021\/05\/20210525_202513-1024x768.jpg\" alt=\"\" data-id=\"138\" data-full-url=\"http:\/\/combava.ch\/wp-content\/uploads\/2021\/05\/20210525_202513-scaled.jpg\" data-link=\"http:\/\/combava.ch\/?attachment_id=138\" class=\"wp-image-138\" srcset=\"https:\/\/combava.ch\/wp-content\/uploads\/2021\/05\/20210525_202513-1024x768.jpg 1024w, https:\/\/combava.ch\/wp-content\/uploads\/2021\/05\/20210525_202513-300x225.jpg 300w, https:\/\/combava.ch\/wp-content\/uploads\/2021\/05\/20210525_202513-768x576.jpg 768w, https:\/\/combava.ch\/wp-content\/uploads\/2021\/05\/20210525_202513-1536x1152.jpg 1536w, https:\/\/combava.ch\/wp-content\/uploads\/2021\/05\/20210525_202513-2048x1536.jpg 2048w\" sizes=\"(max-width: 1024px) 100vw, 1024px\" \/><\/figure><\/li><li class=\"blocks-gallery-item\"><figure><img loading=\"lazy\" width=\"768\" height=\"1024\" src=\"http:\/\/combava.ch\/wp-content\/uploads\/2021\/05\/20210525_202456-768x1024.jpg\" alt=\"\" data-id=\"137\" data-full-url=\"http:\/\/combava.ch\/wp-content\/uploads\/2021\/05\/20210525_202456-scaled.jpg\" data-link=\"http:\/\/combava.ch\/?attachment_id=137\" class=\"wp-image-137\" srcset=\"https:\/\/combava.ch\/wp-content\/uploads\/2021\/05\/20210525_202456-768x1024.jpg 768w, https:\/\/combava.ch\/wp-content\/uploads\/2021\/05\/20210525_202456-225x300.jpg 225w, https:\/\/combava.ch\/wp-content\/uploads\/2021\/05\/20210525_202456-1152x1536.jpg 1152w, https:\/\/combava.ch\/wp-content\/uploads\/2021\/05\/20210525_202456-1536x2048.jpg 1536w, https:\/\/combava.ch\/wp-content\/uploads\/2021\/05\/20210525_202456-scaled.jpg 1920w\" sizes=\"(max-width: 768px) 100vw, 768px\" \/><\/figure><\/li><li class=\"blocks-gallery-item\"><figure><img loading=\"lazy\" width=\"1024\" height=\"768\" src=\"http:\/\/combava.ch\/wp-content\/uploads\/2021\/05\/IMG-20210527-WA0010.jpg\" alt=\"\" data-id=\"146\" data-full-url=\"http:\/\/combava.ch\/wp-content\/uploads\/2021\/05\/IMG-20210527-WA0010.jpg\" data-link=\"http:\/\/combava.ch\/?attachment_id=146\" class=\"wp-image-146\" srcset=\"https:\/\/combava.ch\/wp-content\/uploads\/2021\/05\/IMG-20210527-WA0010.jpg 1024w, https:\/\/combava.ch\/wp-content\/uploads\/2021\/05\/IMG-20210527-WA0010-300x225.jpg 300w, https:\/\/combava.ch\/wp-content\/uploads\/2021\/05\/IMG-20210527-WA0010-768x576.jpg 768w\" sizes=\"(max-width: 1024px) 100vw, 1024px\" \/><\/figure><\/li><li class=\"blocks-gallery-item\"><figure><img loading=\"lazy\" width=\"768\" height=\"1024\" src=\"http:\/\/combava.ch\/wp-content\/uploads\/2021\/05\/20210525_202403-768x1024.jpg\" alt=\"\" data-id=\"135\" data-full-url=\"http:\/\/combava.ch\/wp-content\/uploads\/2021\/05\/20210525_202403-scaled.jpg\" data-link=\"http:\/\/combava.ch\/?attachment_id=135\" class=\"wp-image-135\" srcset=\"https:\/\/combava.ch\/wp-content\/uploads\/2021\/05\/20210525_202403-768x1024.jpg 768w, https:\/\/combava.ch\/wp-content\/uploads\/2021\/05\/20210525_202403-225x300.jpg 225w, https:\/\/combava.ch\/wp-content\/uploads\/2021\/05\/20210525_202403-1152x1536.jpg 1152w, https:\/\/combava.ch\/wp-content\/uploads\/2021\/05\/20210525_202403-1536x2048.jpg 1536w, https:\/\/combava.ch\/wp-content\/uploads\/2021\/05\/20210525_202403-scaled.jpg 1920w\" sizes=\"(max-width: 768px) 100vw, 768px\" \/><\/figure><\/li><li class=\"blocks-gallery-item\"><figure><img loading=\"lazy\" width=\"1024\" height=\"768\" src=\"http:\/\/combava.ch\/wp-content\/uploads\/2021\/05\/20210525_202737-1024x768.jpg\" alt=\"\" data-id=\"139\" data-full-url=\"http:\/\/combava.ch\/wp-content\/uploads\/2021\/05\/20210525_202737-scaled.jpg\" data-link=\"http:\/\/combava.ch\/?attachment_id=139\" class=\"wp-image-139\" srcset=\"https:\/\/combava.ch\/wp-content\/uploads\/2021\/05\/20210525_202737-1024x768.jpg 1024w, https:\/\/combava.ch\/wp-content\/uploads\/2021\/05\/20210525_202737-300x225.jpg 300w, https:\/\/combava.ch\/wp-content\/uploads\/2021\/05\/20210525_202737-768x576.jpg 768w, https:\/\/combava.ch\/wp-content\/uploads\/2021\/05\/20210525_202737-1536x1152.jpg 1536w, https:\/\/combava.ch\/wp-content\/uploads\/2021\/05\/20210525_202737-2048x1536.jpg 2048w\" sizes=\"(max-width: 1024px) 100vw, 1024px\" \/><\/figure><\/li><li class=\"blocks-gallery-item\"><figure><img loading=\"lazy\" width=\"768\" height=\"1024\" src=\"http:\/\/combava.ch\/wp-content\/uploads\/2021\/05\/IMG-20210527-WA0013.jpg\" alt=\"\" data-id=\"147\" data-full-url=\"http:\/\/combava.ch\/wp-content\/uploads\/2021\/05\/IMG-20210527-WA0013.jpg\" data-link=\"http:\/\/combava.ch\/?attachment_id=147\" class=\"wp-image-147\" srcset=\"https:\/\/combava.ch\/wp-content\/uploads\/2021\/05\/IMG-20210527-WA0013.jpg 768w, https:\/\/combava.ch\/wp-content\/uploads\/2021\/05\/IMG-20210527-WA0013-225x300.jpg 225w\" sizes=\"(max-width: 768px) 100vw, 768px\" \/><\/figure><\/li><li class=\"blocks-gallery-item\"><figure><img loading=\"lazy\" width=\"673\" height=\"1024\" src=\"https:\/\/combava.ch\/wp-content\/uploads\/2021\/09\/WhatsApp-Image-2021-09-25-at-14.46.29-1-673x1024.jpeg\" alt=\"\" data-id=\"294\" data-full-url=\"https:\/\/combava.ch\/wp-content\/uploads\/2021\/09\/WhatsApp-Image-2021-09-25-at-14.46.29-1.jpeg\" data-link=\"https:\/\/combava.ch\/?attachment_id=294\" class=\"wp-image-294\" srcset=\"https:\/\/combava.ch\/wp-content\/uploads\/2021\/09\/WhatsApp-Image-2021-09-25-at-14.46.29-1-673x1024.jpeg 673w, https:\/\/combava.ch\/wp-content\/uploads\/2021\/09\/WhatsApp-Image-2021-09-25-at-14.46.29-1-197x300.jpeg 197w, https:\/\/combava.ch\/wp-content\/uploads\/2021\/09\/WhatsApp-Image-2021-09-25-at-14.46.29-1-768x1169.jpeg 768w, https:\/\/combava.ch\/wp-content\/uploads\/2021\/09\/WhatsApp-Image-2021-09-25-at-14.46.29-1-1010x1536.jpeg 1010w, https:\/\/combava.ch\/wp-content\/uploads\/2021\/09\/WhatsApp-Image-2021-09-25-at-14.46.29-1.jpeg 1346w\" sizes=\"(max-width: 673px) 100vw, 673px\" \/><\/figure><\/li><li class=\"blocks-gallery-item\"><figure><img loading=\"lazy\" width=\"1024\" height=\"768\" src=\"https:\/\/combava.ch\/wp-content\/uploads\/2021\/09\/WhatsApp-Image-2021-09-21-at-11.54.15-2.jpeg\" alt=\"\" data-id=\"293\" data-full-url=\"https:\/\/combava.ch\/wp-content\/uploads\/2021\/09\/WhatsApp-Image-2021-09-21-at-11.54.15-2.jpeg\" data-link=\"https:\/\/combava.ch\/?attachment_id=293\" class=\"wp-image-293\" srcset=\"https:\/\/combava.ch\/wp-content\/uploads\/2021\/09\/WhatsApp-Image-2021-09-21-at-11.54.15-2.jpeg 1024w, https:\/\/combava.ch\/wp-content\/uploads\/2021\/09\/WhatsApp-Image-2021-09-21-at-11.54.15-2-300x225.jpeg 300w, https:\/\/combava.ch\/wp-content\/uploads\/2021\/09\/WhatsApp-Image-2021-09-21-at-11.54.15-2-768x576.jpeg 768w\" sizes=\"(max-width: 1024px) 100vw, 1024px\" \/><\/figure><\/li><\/ul><\/figure>\n\n\n\n<div style=\"height:100px\" aria-hidden=\"true\" class=\"wp-block-spacer\"><\/div>\n\n\n\n<h2>\u00dcber uns<\/h2>\n\n\n\n<p>Schon lange hatte ich den Traum ein Restaurant zu er\u00f6ffnen und dies kann ich nun verwirklichen. Ich Phirawan kurz \u201eJeab\u201c bediene Sie gerne und hoffen sehr das Euch das Essen gut schmeckt!<\/p>\n\n\n\n<div class=\"wp-block-image\"><figure class=\"aligncenter size-large\"><img loading=\"lazy\" width=\"768\" height=\"1024\" src=\"http:\/\/combava.ch\/wp-content\/uploads\/2021\/08\/BFE46EA3-22F3-4A00-ADFB-F40169060119-768x1024.jpeg\" alt=\"\" class=\"wp-image-258\" srcset=\"https:\/\/combava.ch\/wp-content\/uploads\/2021\/08\/BFE46EA3-22F3-4A00-ADFB-F40169060119-768x1024.jpeg 768w, https:\/\/combava.ch\/wp-content\/uploads\/2021\/08\/BFE46EA3-22F3-4A00-ADFB-F40169060119-225x300.jpeg 225w, https:\/\/combava.ch\/wp-content\/uploads\/2021\/08\/BFE46EA3-22F3-4A00-ADFB-F40169060119-1152x1536.jpeg 1152w, https:\/\/combava.ch\/wp-content\/uploads\/2021\/08\/BFE46EA3-22F3-4A00-ADFB-F40169060119-1536x2048.jpeg 1536w, https:\/\/combava.ch\/wp-content\/uploads\/2021\/08\/BFE46EA3-22F3-4A00-ADFB-F40169060119-scaled.jpeg 1920w\" sizes=\"(max-width: 768px) 100vw, 768px\" \/><\/figure><\/div>\n\n\n\n<div style=\"height:100px\" aria-hidden=\"true\" class=\"wp-block-spacer\"><\/div>\n\n\n\n<h2>Kontakt<\/h2>\n\n\n\n<p>Gerne heissen wir Sie bei uns Willkommen!<br>Hier finden Sie unsere Kontaktangaben:<\/p>\n\n\n\n<div class=\"wp-block-columns\">\n<div class=\"wp-block-column is-vertically-aligned-top\">\n<p><strong>Adresse<\/strong><br>Restaurant Combava<br>Schwarzenburgstrasse 1007<br>3147 Mittelh\u00e4usern (K\u00f6niz)<br>+41 31 842 11 15<br>combava.restaurant@gmail.com<\/p>\n\n\n\n<p><strong><strong>Parkpl\u00e4tze<\/strong><br><\/strong>Es stehen 5 Kundenparkpl\u00e4tze zur Verf\u00fcgung<br>Falls diese besetzt sind verweisen wir zum Bahnhofparking (50 Meter entfernt)<br><\/p>\n<\/div>\n\n\n\n<div class=\"wp-block-column\">\n<p><strong>\u00d6ffnungszeiten<\/strong><\/p>\n\n\n\n<div class=\"wp-block-group\"><div class=\"wp-block-group__inner-container\">\n<p>Montag         09:30 &#8211; 14:00 \/ 16:30 &#8211; 21:30<\/p>\n<\/div><\/div>\n\n\n\n<p>Dienstag        09:30 &#8211; 14:00 \/ 16:30 &#8211; 21:30 <\/p>\n\n\n\n<p>(Am Dienstag bei Reservierung bis 00:00 ge\u00f6ffnet)<\/p>\n\n\n\n<p>Mittwoch       Geschlossen<\/p>\n\n\n\n<p>Donnerstag    09:30 &#8211; 14:00 \/ 16:30 &#8211; 21:30<\/p>\n\n\n\n<p>Freitag           11:00 &#8211; 14:00 \/ 16:30 &#8211; 22:00<\/p>\n\n\n\n<p><br>Samstag        12:00 &#8211; 22:00<\/p>\n\n\n\n<p>Sonntag        12:00 &#8211; 21:30<\/p>\n\n\n\n<p><br><strong>Warme K\u00fcche<\/strong><br>Montag &#8211; Freitag<br>11:00 &#8211; 14:00 &amp; 17:00 &#8211; 20:30 <\/p>\n\n\n\n<p><br>Samstag &#8211; Sonntag<br>Ganzen Tag warme K\u00fcche<\/p>\n<\/div>\n<\/div>\n\n\n\n<iframe src=\"https:\/\/www.google.com\/maps\/embed?pb=!1m18!1m12!1m3!1d2727.3631562750884!2d7.364926712694533!3d46.87590377101182!2m3!1f0!2f0!3f0!3m2!1i1024!2i768!4f13.1!3m3!1m2!1s0x478e476b24fa9221%3A0x9ed0651e373c3e!2sCombava%20Thai%20Bistro!5e0!3m2!1sen!2sch!4v1693907066835!5m2!1sen!2sch\" width=\"100%\" height=\"450\" style=\"border:0;\" allowfullscreen=\"\" loading=\"lazy\" referrerpolicy=\"no-referrer-when-downgrade\"><\/iframe>\n\n\n\n<p><\/p>\n","protected":false},"excerpt":{"rendered":"<p>Gallerie Hier finden Sie kleine Eindr\u00fccke unseres Bistros. Kommen Sie vorbei und \u00dcberzeugen Sie sich selbst!&nbsp; \u00dcber uns Schon lange hatte ich den Traum ein Restaurant zu er\u00f6ffnen und dies kann ich nun verwirklichen. Ich Phirawan kurz \u201eJeab\u201c bediene Sie gerne und hoffen sehr das Euch das Essen gut schmeckt! [&hellip;]<\/p>\n","protected":false},"author":1,"featured_media":194,"parent":0,"menu_order":0,"comment_status":"closed","ping_status":"closed","template":"","meta":[],"_links":{"self":[{"href":"https:\/\/combava.ch\/index.php?rest_route=\/wp\/v2\/pages\/84"}],"collection":[{"href":"https:\/\/combava.ch\/index.php?rest_route=\/wp\/v2\/pages"}],"about":[{"href":"https:\/\/combava.ch\/index.php?rest_route=\/wp\/v2\/types\/page"}],"author":[{"embeddable":true,"href":"https:\/\/combava.ch\/index.php?rest_route=\/wp\/v2\/users\/1"}],"replies":[{"embeddable":true,"href":"https:\/\/combava.ch\/index.php?rest_route=%2Fwp%2Fv2%2Fcomments&post=84"}],"version-history":[{"count":71,"href":"https:\/\/combava.ch\/index.php?rest_route=\/wp\/v2\/pages\/84\/revisions"}],"predecessor-version":[{"id":449,"href":"https:\/\/combava.ch\/index.php?rest_route=\/wp\/v2\/pages\/84\/revisions\/449"}],"wp:featuredmedia":[{"embeddable":true,"href":"https:\/\/combava.ch\/index.php?rest_route=\/wp\/v2\/media\/194"}],"wp:attachment":[{"href":"https:\/\/combava.ch\/index.php?rest_route=%2Fwp%2Fv2%2Fmedia&parent=84"}],"curies":[{"name":"wp","href":"https:\/\/api.w.org\/{rel}","templated":true}]}}